late the greatest common divisor of 910 and 27803230.
910
Calculate the highest common factor of 10176270 and 540.
30
Calculate the greatest common divisor of 18679599 and 216.
27
Calculate the greatest common factor of 52696644 and 984.
492
What is the greatest common factor of 1844 and 56679950?
922
Calculate the greatest common factor of 918732 and 256.
4
What is the highest common factor of 35804890 and 2335?
2335
What is the greatest common divisor of 144809 and 1193353?
1057
What is the greatest common factor of 11281448 and 9028?
148
What is the highest common divisor of 14 and 8759072?
14
What is the highest common divisor of 215 and 713410?
5
What is the highest common divisor of 38023 and 2411629?
809
Calculate the greatest common divisor of 9246 and 704706.
402
What is the greatest common divisor of 855 and 26109819?
171
Calculate the highest common factor of 24059 and 51321284.
3437
Calculate the greatest common factor of 32670 and 189915.
165
Calculate the highest common factor of 12281356 and 92.
92
What is the greatest common divisor of 1044 and 38711578?
58
What is the highest common divisor of 1253760 and 84?
12
Calculate the highest common divisor of 135483796 and 434.
14
Calculate the greatest common divisor of 9 and 32631369.
3
Calculate the highest common divisor of 32079 and 2767464.
867
Calculate the greatest common factor of 332301149 and 106.
53
Calculate the highest common factor of 133115898 and 18.
6
Calculate the highest common divisor of 4763 and 152437217.
433
What is the highest common divisor of 3345051 and 47472?
69
What is the highest common factor of 56061509 and 21?
7
What is the greatest common divisor of 76364 and 129370?
34
What is the highest common factor of 8 and 206501880?
8
Calculate the greatest common factor of 8124423 and 20715.
4143
Calculate the highest common divisor of 2899 and 11056435.
13
Calculate the greatest common divisor of 4884 and 902785422.
2442
What is the highest common divisor of 27002665 and 93631?
859
What is the highest common factor of 19973943 and 660?
33
What is the highest common divisor of 1379 and 1628993?
197
Calculate the highest common divisor of 1668779 and 49.
7
What is the greatest common divisor of 21734410 and 310?
310
What is the greatest common factor of 62 and 933058?
2
What is the greatest common divisor of 26442 and 4344624?
2034
Calculate the highest common factor of 2280 and 1706640.
120
Calculate the highest common factor of 482 and 6076574.
482
Calculate the greatest common divisor of 106496 and 1592032.
416
What is the greatest common factor of 6851785 and 21595?
3085
What is the highest common divisor of 1036 and 18617956?
1036
Calculate the greatest common divisor of 1418044 and 12062200.
5884
What is the greatest common divisor of 126414107 and 13652?
3413
What is the greatest common divisor of 122612 and 3164?
28
What is the highest common divisor of 25844 and 722540?
364
Calculate the highest common factor of 3 and 23376057.
3
What is the greatest common divisor of 5485221 and 46314?
747
What is the highest common factor of 141 and 53034001?
47
What is the greatest common divisor of 988 and 199125719?
247
What is the highest common divisor of 58221478 and 14?
14
Calculate the greatest common factor of 16796251 and 1852.
463
What is the highest common divisor of 66 and 6833563?
11
What is the highest common factor of 95690 and 73724?
14
Calculate the greatest common divisor of 54153351 and 504.
63
Calculate the highest common factor of 44680 and 564085.
5585
What is the highest common factor of 176 and 20176563?
11
Calculate the greatest common factor of 1851178 and 8.
2
What is the highest common factor of 12826886 and 3890?
778
Calculate the greatest common divisor of 60 and 2541540.
60
What is the greatest common factor of 645818 and 4454730?
4714
What is the greatest common divisor of 48 and 25440216?
24
Calculate the highest common divisor of 26901046 and 548.
274
What is the highest common factor of 32118 and 379374?
318
What is the greatest common factor of 32291336 and 8911?
133
What is the greatest common divisor of 83732513 and 737?
67
What is the highest common divisor of 32 and 607606?
2
Calculate the greatest common factor of 2017989 and 81.
9
What is the highest common factor of 10775051 and 14259?
4753
Calculate the greatest common divisor of 638 and 3183291430.
638
What is the highest common factor of 16996 and 17639420?
2428
What is the greatest common divisor of 5547361 and 6856?
857
What is the greatest common divisor of 584512 and 896?
64
What is the greatest common factor of 3771 and 71178882?
1257
What is the greatest common factor of 9198 and 29331?
9
Calculate the greatest common factor of 384 and 1206378.
6
Calculate the highest common factor of 510620 and 292820.
2420
Calculate the greatest common divisor of 1437593 and 1220799.
1777
What is the highest common factor of 40 and 5145376?
8
Calculate the highest common divisor of 94626 and 28917.
63
What is the greatest common factor of 1 and 62235204?
1
What is the highest common divisor of 4260 and 7134080?
1420
What is the highest common factor of 203680 and 14647138?
2546
What is the greatest common divisor of 152880 and 113490?
390
What is the highest common factor of 74 and 21132032?
74
Calculate the highest common divisor of 8 and 28081.
1
What is the greatest common divisor of 20061 and 22437?
27
What is the greatest common factor of 100800 and 15241464?
504
Calculate the greatest common divisor of 781965 and 11130.
15
What is the highest common divisor of 972 and 366279?
3
What is the highest common divisor of 3302053 and 7139?
59
Calculate the greatest common divisor of 38507765 and 2525.
505
Calculate the greatest common factor of 215154 and 4554.
18
Calculate the greatest common divisor of 21410367 and 341.
341
What is the highest common divisor of 264 and 110583576?
24
What is the greatest common factor of 1320396 and 40524?
132
Calculate the greatest common divisor of 18 and 58050594.
18
What is the highest common factor of 6 and 6081276?
6
Calculate the greatest common divisor of 187548 and 606.
6
Calculate the greatest common factor of 28418485 and 13760.
215
What is the greatest common factor of 220 and 13857085?
55
What is the highest common factor of 2656933113 and 69?
69
What is the greatest common factor of 10668622 and 204?
34
What is the highest common divisor of 6844 and 4506948?
116
What is the highest common divisor of 94132 and 3939?
101
Calculate the greatest common factor of 407 and 66330899.
37
What is the highest common divisor of 10776172 and 2948?
44
What is the highest common factor of 35919 and 149409?
117
What is the greatest common divisor of 18 and 199039122?
18
Calculate the highest common factor of 28965079 and 91091.
1859
What is the highest common factor of 2838 and 492264?
258
Calculate the greatest common divisor of 627 and 41622350.
209
Calculate the highest common factor of 12 and 944233284.
12
What is the greatest common factor of 10770 and 13784190?
30
Calculate the highest common factor of 918932 and 16798.
74
Calculate the greatest common divisor of 4240 and 10775536.
848
What is the highest common factor of 80940 and 3255004?
76
Calculate the highest common divisor of 18295723 and 10915.
2183
What is the highest common divisor of 285702460 and 20?
20
What is the highest common factor of 2712 and 13593109?
113
What is the greatest common factor of 999744 and 157988?
508
Calculate the highest common factor of 1334 and 2221340.
46
What is the greatest common divisor of 62337960 and 21930?
1290
What is the greatest common divisor of 132512 and 177824?
32
What is the highest common divisor of 1360 and 32304760?
680
Calculate the greatest common divisor of 190780542 and 54.
54
What is the highest common divisor of 433 and 2034667?
433
What is the greatest common divisor of 7448 and 11315792?
152
What is the highest common factor of 135 and 196763580?
135
Calculate the highest common factor of 700 and 3092740.
140
What is the greatest common divisor of 11453300 and 159914?
4322
What is the greatest common divisor of 5485790756 and 244?
244
What is the greatest common divisor of 3404429 and 1448?
181
What is the greatest common d